{"id":23,"date":"2018-11-21T20:04:07","date_gmt":"2018-11-21T19:04:07","guid":{"rendered":"http:\/\/www.el-drut.eu\/?page_id=23"},"modified":"2019-01-11T08:44:34","modified_gmt":"2019-01-11T07:44:34","slug":"referencje-i-rekomendacje","status":"publish","type":"page","link":"http:\/\/www.el-drut.com\/index.php\/referencje-i-rekomendacje\/","title":{"rendered":"Referencje i rekomendacje"},"content":{"rendered":"\t\t<div data-elementor-type=\"wp-post\" data-elementor-id=\"23\" class=\"elementor elementor-23 elementor-bc-flex-widget\">\n\t\t\t\t\t\t<section class=\"elementor-section elementor-top-section elementor-element elementor-element-8890304 elementor-section-boxed elementor-section-height-default elementor-section-height-default\" data-id=\"8890304\" data-element_type=\"section\" data-e-type=\"section\">\n\t\t\t\t\t\t<div class=\"elementor-container elementor-column-gap-default\">\n\t\t\t\t\t<div class=\"elementor-column elementor-col-100 elementor-top-column elementor-element elementor-element-df82fe7\" data-id=\"df82fe7\" data-element_type=\"column\" data-e-type=\"column\">\n\t\t\t<div class=\"elementor-widget-wrap elementor-element-populated\">\n\t\t\t\t\t\t<div class=\"elementor-element elementor-element-c427dbb elementor-widget elementor-widget-text-editor\" data-id=\"c427dbb\" data-element_type=\"widget\" data-e-type=\"widget\" data-widget_type=\"text-editor.default\">\n\t\t\t\t<div class=\"elementor-widget-container\">\n\t\t\t\t\t\t\t\t\t<p><span style=\"color: #333333;\">Przedstawiamy Pa\u0144stwu wybrane referencje wystawione przez naszych Klient\u00f3w, zwi\u0105zane ze zrealizowanymi przez nas inwestycjami.<\/span><br \/><span style=\"color: #333333;\">Dzi\u0119kujemy.<\/span><\/p>\t\t\t\t\t\t\t\t<\/div>\n\t\t\t\t<\/div>\n\t\t\t\t\t<\/div>\n\t\t<\/div>\n\t\t\t\t\t<\/div>\n\t\t<\/section>\n\t\t\t\t<section class=\"elementor-section elementor-top-section elementor-element elementor-element-978c6c5 elementor-section-stretched elementor-section-boxed elementor-section-height-default elementor-section-height-default\" data-id=\"978c6c5\" data-element_type=\"section\" data-e-type=\"section\" data-settings=\"{&quot;stretch_section&quot;:&quot;section-stretched&quot;}\">\n\t\t\t\t\t\t<div class=\"elementor-container elementor-column-gap-default\">\n\t\t\t\t\t<div class=\"elementor-column elementor-col-33 elementor-top-column elementor-element elementor-element-219af36\" data-id=\"219af36\" data-element_type=\"column\" data-e-type=\"column\">\n\t\t\t<div class=\"elementor-widget-wrap elementor-element-populated\">\n\t\t\t\t\t\t<div class=\"elementor-element elementor-element-a61c37e elementor-widget elementor-widget-image\" data-id=\"a61c37e\" data-element_type=\"widget\" data-e-type=\"widget\" data-widget_type=\"image.default\">\n\t\t\t\t<div class=\"elementor-widget-container\">\n\t\t\t\t\t\t\t\t\t\t\t\t\t\t\t\t<a href=\"http:\/\/www.el-drut.com\/wp-content\/uploads\/2018\/11\/Referencje-2.jpg\" data-elementor-open-lightbox=\"yes\" data-elementor-lightbox-title=\"Referencje 2\" data-e-action-hash=\"#elementor-action%3Aaction%3Dlightbox%26settings%3DeyJpZCI6MTc0LCJ1cmwiOiJodHRwOlwvXC93d3cuZWwtZHJ1dC5jb21cL3dwLWNvbnRlbnRcL3VwbG9hZHNcLzIwMThcLzExXC9SZWZlcmVuY2plLTIuanBnIn0%3D\">\n\t\t\t\t\t\t\t<img fetchpriority=\"high\" decoding=\"async\" width=\"740\" height=\"1024\" src=\"http:\/\/www.el-drut.com\/wp-content\/uploads\/2018\/11\/Referencje-2-740x1024.jpg\" class=\"attachment-large size-large wp-image-174\" alt=\"\" srcset=\"http:\/\/www.el-drut.com\/wp-content\/uploads\/2018\/11\/Referencje-2-740x1024.jpg 740w, http:\/\/www.el-drut.com\/wp-content\/uploads\/2018\/11\/Referencje-2-217x300.jpg 217w, http:\/\/www.el-drut.com\/wp-content\/uploads\/2018\/11\/Referencje-2-768x1062.jpg 768w, http:\/\/www.el-drut.com\/wp-content\/uploads\/2018\/11\/Referencje-2.jpg 1157w\" sizes=\"100vw\" \/>\t\t\t\t\t\t\t\t<\/a>\n\t\t\t\t\t\t\t\t\t\t\t\t\t\t\t<\/div>\n\t\t\t\t<\/div>\n\t\t\t\t\t<\/div>\n\t\t<\/div>\n\t\t\t\t<div class=\"elementor-column elementor-col-33 elementor-top-column elementor-element elementor-element-209adb6\" data-id=\"209adb6\" data-element_type=\"column\" data-e-type=\"column\">\n\t\t\t<div class=\"elementor-widget-wrap elementor-element-populated\">\n\t\t\t\t\t\t<div class=\"elementor-element elementor-element-fc0affa elementor-widget elementor-widget-image\" data-id=\"fc0affa\" data-element_type=\"widget\" data-e-type=\"widget\" data-widget_type=\"image.default\">\n\t\t\t\t<div class=\"elementor-widget-container\">\n\t\t\t\t\t\t\t\t\t\t\t\t\t\t\t\t<a href=\"http:\/\/www.el-drut.com\/wp-content\/uploads\/2018\/11\/Referencje-1.jpg\" data-elementor-open-lightbox=\"yes\" data-elementor-lightbox-title=\"Referencje 1\" data-e-action-hash=\"#elementor-action%3Aaction%3Dlightbox%26settings%3DeyJpZCI6MTczLCJ1cmwiOiJodHRwOlwvXC93d3cuZWwtZHJ1dC5jb21cL3dwLWNvbnRlbnRcL3VwbG9hZHNcLzIwMThcLzExXC9SZWZlcmVuY2plLTEuanBnIn0%3D\">\n\t\t\t\t\t\t\t<img decoding=\"async\" width=\"740\" height=\"1024\" src=\"http:\/\/www.el-drut.com\/wp-content\/uploads\/2018\/11\/Referencje-1-740x1024.jpg\" class=\"attachment-large size-large wp-image-173\" alt=\"\" srcset=\"http:\/\/www.el-drut.com\/wp-content\/uploads\/2018\/11\/Referencje-1-740x1024.jpg 740w, http:\/\/www.el-drut.com\/wp-content\/uploads\/2018\/11\/Referencje-1-217x300.jpg 217w, http:\/\/www.el-drut.com\/wp-content\/uploads\/2018\/11\/Referencje-1-768x1062.jpg 768w, http:\/\/www.el-drut.com\/wp-content\/uploads\/2018\/11\/Referencje-1.jpg 1157w\" sizes=\"100vw\" \/>\t\t\t\t\t\t\t\t<\/a>\n\t\t\t\t\t\t\t\t\t\t\t\t\t\t\t<\/div>\n\t\t\t\t<\/div>\n\t\t\t\t\t<\/div>\n\t\t<\/div>\n\t\t\t\t<div class=\"elementor-column elementor-col-33 elementor-top-column elementor-element elementor-element-e56bf5a\" data-id=\"e56bf5a\" data-element_type=\"column\" data-e-type=\"column\">\n\t\t\t<div class=\"elementor-widget-wrap elementor-element-populated\">\n\t\t\t\t\t\t<div class=\"elementor-element elementor-element-a8d02d6 elementor-widget elementor-widget-image\" data-id=\"a8d02d6\" data-element_type=\"widget\" data-e-type=\"widget\" data-widget_type=\"image.default\">\n\t\t\t\t<div class=\"elementor-widget-container\">\n\t\t\t\t\t\t\t\t\t\t\t\t\t\t\t\t<a href=\"http:\/\/www.el-drut.com\/wp-content\/uploads\/2018\/11\/Referencje-3.jpg\" data-elementor-open-lightbox=\"yes\" data-elementor-lightbox-title=\"Referencje 3\" data-e-action-hash=\"#elementor-action%3Aaction%3Dlightbox%26settings%3DeyJpZCI6MTc1LCJ1cmwiOiJodHRwOlwvXC93d3cuZWwtZHJ1dC5jb21cL3dwLWNvbnRlbnRcL3VwbG9hZHNcLzIwMThcLzExXC9SZWZlcmVuY2plLTMuanBnIn0%3D\">\n\t\t\t\t\t\t\t<img decoding=\"async\" width=\"740\" height=\"1024\" src=\"http:\/\/www.el-drut.com\/wp-content\/uploads\/2018\/11\/Referencje-3-740x1024.jpg\" class=\"attachment-large size-large wp-image-175\" alt=\"\" srcset=\"http:\/\/www.el-drut.com\/wp-content\/uploads\/2018\/11\/Referencje-3-740x1024.jpg 740w, http:\/\/www.el-drut.com\/wp-content\/uploads\/2018\/11\/Referencje-3-217x300.jpg 217w, http:\/\/www.el-drut.com\/wp-content\/uploads\/2018\/11\/Referencje-3-768x1062.jpg 768w, http:\/\/www.el-drut.com\/wp-content\/uploads\/2018\/11\/Referencje-3.jpg 1157w\" sizes=\"100vw\" \/>\t\t\t\t\t\t\t\t<\/a>\n\t\t\t\t\t\t\t\t\t\t\t\t\t\t\t<\/div>\n\t\t\t\t<\/div>\n\t\t\t\t\t<\/div>\n\t\t<\/div>\n\t\t\t\t\t<\/div>\n\t\t<\/section>\n\t\t\t\t<section class=\"elementor-section elementor-top-section elementor-element elementor-element-557b41d elementor-section-stretched elementor-section-full_width elementor-section-height-default elementor-section-height-default\" data-id=\"557b41d\" data-element_type=\"section\" data-e-type=\"section\" data-settings=\"{&quot;stretch_section&quot;:&quot;section-stretched&quot;}\">\n\t\t\t\t\t\t<div class=\"elementor-container elementor-column-gap-no\">\n\t\t\t\t\t<div class=\"elementor-column elementor-col-100 elementor-top-column elementor-element elementor-element-f5f1219\" data-id=\"f5f1219\" data-element_type=\"column\" data-e-type=\"column\">\n\t\t\t<div class=\"elementor-widget-wrap elementor-element-populated\">\n\t\t\t\t\t\t<div class=\"elementor-element elementor-element-6cd8559 elementor-widget elementor-widget-image\" data-id=\"6cd8559\" data-element_type=\"widget\" data-e-type=\"widget\" data-widget_type=\"image.default\">\n\t\t\t\t<div class=\"elementor-widget-container\">\n\t\t\t\t\t\t\t\t\t\t\t\t\t\t\t<img loading=\"lazy\" decoding=\"async\" width=\"1920\" height=\"1280\" src=\"http:\/\/www.el-drut.com\/wp-content\/uploads\/2018\/11\/business-3167295_1920.jpg\" class=\"attachment-full size-full wp-image-168\" alt=\"\" srcset=\"http:\/\/www.el-drut.com\/wp-content\/uploads\/2018\/11\/business-3167295_1920.jpg 1920w, http:\/\/www.el-drut.com\/wp-content\/uploads\/2018\/11\/business-3167295_1920-300x200.jpg 300w, http:\/\/www.el-drut.com\/wp-content\/uploads\/2018\/11\/business-3167295_1920-768x512.jpg 768w, http:\/\/www.el-drut.com\/wp-content\/uploads\/2018\/11\/business-3167295_1920-1024x683.jpg 1024w\" sizes=\"100vw\" \/>\t\t\t\t\t\t\t\t\t\t\t\t\t\t\t<\/div>\n\t\t\t\t<\/div>\n\t\t\t\t\t<\/div>\n\t\t<\/div>\n\t\t\t\t\t<\/div>\n\t\t<\/section>\n\t\t\t\t<\/div>\n\t\t","protected":false},"excerpt":{"rendered":"<p>Przedstawiamy Pa\u0144stwu wybrane referencje wystawione przez naszych Klient\u00f3w, zwi\u0105zane ze zrealizowanymi przez nas inwestycjami.Dzi\u0119kujemy.<\/p>\n","protected":false},"author":1,"featured_media":0,"parent":0,"menu_order":0,"comment_status":"closed","ping_status":"closed","template":"","meta":{"footnotes":""},"class_list":["post-23","page","type-page","status-publish","hentry"],"_links":{"self":[{"href":"http:\/\/www.el-drut.com\/index.php\/wp-json\/wp\/v2\/pages\/23","targetHints":{"allow":["GET"]}}],"collection":[{"href":"http:\/\/www.el-drut.com\/index.php\/wp-json\/wp\/v2\/pages"}],"about":[{"href":"http:\/\/www.el-drut.com\/index.php\/wp-json\/wp\/v2\/types\/page"}],"author":[{"embeddable":true,"href":"http:\/\/www.el-drut.com\/index.php\/wp-json\/wp\/v2\/users\/1"}],"replies":[{"embeddable":true,"href":"http:\/\/www.el-drut.com\/index.php\/wp-json\/wp\/v2\/comments?post=23"}],"version-history":[{"count":14,"href":"http:\/\/www.el-drut.com\/index.php\/wp-json\/wp\/v2\/pages\/23\/revisions"}],"predecessor-version":[{"id":649,"href":"http:\/\/www.el-drut.com\/index.php\/wp-json\/wp\/v2\/pages\/23\/revisions\/649"}],"wp:attachment":[{"href":"http:\/\/www.el-drut.com\/index.php\/wp-json\/wp\/v2\/media?parent=23"}],"curies":[{"name":"wp","href":"https:\/\/api.w.org\/{rel}","templated":true}]}}