{"id":481,"date":"2018-11-25T12:04:56","date_gmt":"2018-11-25T11:04:56","guid":{"rendered":"http:\/\/www.el-drut.com\/?page_id=481"},"modified":"2018-11-28T20:02:29","modified_gmt":"2018-11-28T19:02:29","slug":"zrodla-swiatla-led","status":"publish","type":"page","link":"http:\/\/www.el-drut.com\/index.php\/zrodla-swiatla-led\/","title":{"rendered":"\u0179r\u00f3d\u0142a \u015bwiat\u0142a LED"},"content":{"rendered":"\t\t<div data-elementor-type=\"wp-post\" data-elementor-id=\"481\" class=\"elementor elementor-481 elementor-bc-flex-widget\">\n\t\t\t\t\t\t<section class=\"elementor-section elementor-top-section elementor-element elementor-element-90e1c7f elementor-section-boxed elementor-section-height-default elementor-section-height-default\" data-id=\"90e1c7f\" data-element_type=\"section\" data-e-type=\"section\">\n\t\t\t\t\t\t<div class=\"elementor-container elementor-column-gap-default\">\n\t\t\t\t\t<div class=\"elementor-column elementor-col-100 elementor-top-column elementor-element elementor-element-f09b5a5\" data-id=\"f09b5a5\" data-element_type=\"column\" data-e-type=\"column\">\n\t\t\t<div class=\"elementor-widget-wrap elementor-element-populated\">\n\t\t\t\t\t\t<div class=\"elementor-element elementor-element-f58e42d elementor-widget elementor-widget-image\" data-id=\"f58e42d\" data-element_type=\"widget\" data-e-type=\"widget\" data-widget_type=\"image.default\">\n\t\t\t\t<div class=\"elementor-widget-container\">\n\t\t\t\t\t\t\t\t\t\t\t\t\t\t\t\t<a href=\"http:\/\/www.el-drut.com\/wp-content\/uploads\/2018\/11\/IMG_4106.jpg\" data-elementor-open-lightbox=\"yes\" data-elementor-lightbox-title=\"IMG_4106\" data-e-action-hash=\"#elementor-action%3Aaction%3Dlightbox%26settings%3DeyJpZCI6NDg4LCJ1cmwiOiJodHRwOlwvXC93d3cuZWwtZHJ1dC5jb21cL3dwLWNvbnRlbnRcL3VwbG9hZHNcLzIwMThcLzExXC9JTUdfNDEwNi5qcGcifQ%3D%3D\">\n\t\t\t\t\t\t\t<img fetchpriority=\"high\" decoding=\"async\" width=\"640\" height=\"480\" src=\"http:\/\/www.el-drut.com\/wp-content\/uploads\/2018\/11\/IMG_4106.jpg\" class=\"attachment-medium_large size-medium_large wp-image-488\" alt=\"\" srcset=\"http:\/\/www.el-drut.com\/wp-content\/uploads\/2018\/11\/IMG_4106.jpg 640w, http:\/\/www.el-drut.com\/wp-content\/uploads\/2018\/11\/IMG_4106-300x225.jpg 300w\" sizes=\"100vw\" \/>\t\t\t\t\t\t\t\t<\/a>\n\t\t\t\t\t\t\t\t\t\t\t\t\t\t\t<\/div>\n\t\t\t\t<\/div>\n\t\t\t\t\t<\/div>\n\t\t<\/div>\n\t\t\t\t\t<\/div>\n\t\t<\/section>\n\t\t\t\t<\/div>\n\t\t","protected":false},"excerpt":{"rendered":"","protected":false},"author":1,"featured_media":0,"parent":0,"menu_order":0,"comment_status":"closed","ping_status":"closed","template":"","meta":{"footnotes":""},"class_list":["post-481","page","type-page","status-publish","hentry"],"_links":{"self":[{"href":"http:\/\/www.el-drut.com\/index.php\/wp-json\/wp\/v2\/pages\/481","targetHints":{"allow":["GET"]}}],"collection":[{"href":"http:\/\/www.el-drut.com\/index.php\/wp-json\/wp\/v2\/pages"}],"about":[{"href":"http:\/\/www.el-drut.com\/index.php\/wp-json\/wp\/v2\/types\/page"}],"author":[{"embeddable":true,"href":"http:\/\/www.el-drut.com\/index.php\/wp-json\/wp\/v2\/users\/1"}],"replies":[{"embeddable":true,"href":"http:\/\/www.el-drut.com\/index.php\/wp-json\/wp\/v2\/comments?post=481"}],"version-history":[{"count":4,"href":"http:\/\/www.el-drut.com\/index.php\/wp-json\/wp\/v2\/pages\/481\/revisions"}],"predecessor-version":[{"id":566,"href":"http:\/\/www.el-drut.com\/index.php\/wp-json\/wp\/v2\/pages\/481\/revisions\/566"}],"wp:attachment":[{"href":"http:\/\/www.el-drut.com\/index.php\/wp-json\/wp\/v2\/media?parent=481"}],"curies":[{"name":"wp","href":"https:\/\/api.w.org\/{rel}","templated":true}]}}