{"id":70,"date":"2018-11-21T20:25:56","date_gmt":"2018-11-21T19:25:56","guid":{"rendered":"http:\/\/www.el-drut.eu\/?page_id=70"},"modified":"2018-11-22T17:47:50","modified_gmt":"2018-11-22T16:47:50","slug":"ii-wykonanie-podstawowych-instalacji-elektrycznych-z-materialami-bez-montazu-osprzetu","status":"publish","type":"page","link":"http:\/\/www.el-drut.com\/index.php\/cennik\/ii-wykonanie-podstawowych-instalacji-elektrycznych-z-materialami-bez-montazu-osprzetu\/","title":{"rendered":"II. Wykonanie podstawowych instalacji elektrycznych z materia\u0142ami &#8211; bez monta\u017cu osprz\u0119tu"},"content":{"rendered":"\t\t<div data-elementor-type=\"wp-post\" data-elementor-id=\"70\" class=\"elementor elementor-70 elementor-bc-flex-widget\">\n\t\t\t\t\t\t<section class=\"elementor-section elementor-top-section elementor-element elementor-element-e2435ae elementor-section-stretched elementor-section-boxed elementor-section-height-default elementor-section-height-default\" data-id=\"e2435ae\" data-element_type=\"section\" data-e-type=\"section\" data-settings=\"{&quot;stretch_section&quot;:&quot;section-stretched&quot;}\">\n\t\t\t\t\t\t<div class=\"elementor-container elementor-column-gap-default\">\n\t\t\t\t\t<div class=\"elementor-column elementor-col-100 elementor-top-column elementor-element elementor-element-245ea1c\" data-id=\"245ea1c\" data-element_type=\"column\" data-e-type=\"column\">\n\t\t\t<div class=\"elementor-widget-wrap elementor-element-populated\">\n\t\t\t\t\t\t<div class=\"elementor-element elementor-element-9e554db elementor-widget elementor-widget-text-editor\" data-id=\"9e554db\" data-element_type=\"widget\" data-e-type=\"widget\" data-widget_type=\"text-editor.default\">\n\t\t\t\t<div class=\"elementor-widget-container\">\n\t\t\t\t\t\t\t\t\t<table width=\"747\" cellspacing=\"0\" cellpadding=\"7\"><colgroup> <col width=\"24\" \/> <col width=\"544\" \/> <col width=\"137\" \/> <\/colgroup>\n<tbody>\n<tr>\n<td colspan=\"3\" valign=\"top\" width=\"733\">\n<p align=\"center\"><a name=\"a\"><\/a> <span style=\"color: #ff0000;\"><span style=\"font-family: Times New Roman, serif;\"><b>II . <\/b><\/span><\/span><span style=\"color: #ff0000;\"><span style=\"font-family: Times New Roman, serif;\"><u><b>WYKONANIE PODSTAWOWYCH INSTALACJI ELEKTRYCZNYCH Z MATERIA\u0141AMI \u2013 BEZ MONTA\u017bU OSPRZ\u0118TU.<\/b><\/u><\/span><\/span><\/p>\n<\/td>\n<\/tr>\n<\/tbody>\n<tbody>\n<tr valign=\"top\">\n<td style=\"background: #d3dfee;\" bgcolor=\"#d3dfee\" width=\"24\"><\/td>\n<td style=\"background: #d3dfee;\" bgcolor=\"#d3dfee\" width=\"544\"><span style=\"color: #365f91;\">Us\u0142uga<\/span><\/td>\n<td style=\"background: #d3dfee;\" bgcolor=\"#d3dfee\" width=\"137\">\n<p align=\"center\"><span style=\"color: #365f91;\">Cena<\/span><\/p>\n<\/td>\n<\/tr>\n<tr valign=\"top\">\n<td width=\"24\"><span style=\"color: #365f91;\"><span style=\"font-family: Times New Roman, serif;\"><b>1.<\/b><\/span><\/span><\/td>\n<td width=\"544\"><span style=\"color: #365f91;\">Wykonanie punktu elektrycznego p\/t : gniazdo wtykowe, o\u015bwietlenie, puszka wy\u0142\u0105cznika o\u015bwietlenia \u2013 szt.1<\/span><\/td>\n<td width=\"137\">\n<p align=\"center\"><span style=\"color: #365f91;\">45z\u0142 \u2013 120z\u0142<\/span><\/p>\n<\/td>\n<\/tr>\n<tr valign=\"top\">\n<td style=\"background: #d3dfee;\" bgcolor=\"#d3dfee\" width=\"24\"><span style=\"color: #365f91;\"><span style=\"font-family: Times New Roman, serif;\"><b>2.<\/b><\/span><\/span><\/td>\n<td style=\"background: #d3dfee;\" bgcolor=\"#d3dfee\" width=\"544\"><span style=\"color: #365f91;\">Wykonanie punktu si\u0142owego (tr\u00f3jfazowego) 400V \u2013 szt.1<\/span><\/td>\n<td style=\"background: #d3dfee;\" bgcolor=\"#d3dfee\" width=\"137\">\n<p align=\"center\"><span style=\"color: #365f91;\">55z\u0142 \u2013 160z\u0142<\/span><\/p>\n<\/td>\n<\/tr>\n<tr valign=\"top\">\n<td width=\"24\"><span style=\"color: #365f91;\"><span style=\"font-family: Times New Roman, serif;\"><b>3.<\/b><\/span><\/span><\/td>\n<td width=\"544\"><span style=\"color: #365f91;\">Wykonanie puszki do rozety rozdzielczej sieci elektrycznej \u2013 szt.1<\/span><\/td>\n<td width=\"137\">\n<p align=\"center\"><span style=\"color: #365f91;\">25z\u0142 \u2013 100z\u0142<\/span><\/p>\n<\/td>\n<\/tr>\n<tr valign=\"top\">\n<td style=\"background: #d3dfee;\" bgcolor=\"#d3dfee\" width=\"24\"><span style=\"color: #365f91;\"><span style=\"font-family: Times New Roman, serif;\"><b>4.<\/b><\/span><\/span><\/td>\n<td style=\"background: #d3dfee;\" bgcolor=\"#d3dfee\" width=\"544\"><span style=\"color: #365f91;\">Wykonanie punktu systemu uziemienia PE do 8 m.b. z przewodu lgy do 10 mm2 \u2013 szt.1<\/span><\/td>\n<td style=\"background: #d3dfee;\" bgcolor=\"#d3dfee\" width=\"137\">\n<p align=\"center\"><span style=\"color: #365f91;\">30z\u0142 \u2013 35z\u0142<\/span><\/p>\n<\/td>\n<\/tr>\n<tr valign=\"top\">\n<td width=\"24\"><span style=\"color: #365f91;\"><span style=\"font-family: Times New Roman, serif;\"><b>5.<\/b><\/span><\/span><\/td>\n<td width=\"544\"><span style=\"color: #365f91;\">Wykonanie punktu akustycznego audio przewodem symetrycznym do 8 m.b.\u2013szt.1<\/span><\/td>\n<td width=\"137\">\n<p align=\"center\"><span style=\"color: #365f91;\">30z\u0142 \u2013 110z\u0142<\/span><\/p>\n<\/td>\n<\/tr>\n<tr valign=\"top\">\n<td style=\"background: #d3dfee;\" bgcolor=\"#d3dfee\" width=\"24\"><span style=\"color: #365f91;\"><span style=\"font-family: Times New Roman, serif;\"><b>6.<\/b><\/span><\/span><\/td>\n<td style=\"background: #d3dfee;\" bgcolor=\"#d3dfee\" width=\"544\"><span style=\"color: #365f91;\">Wykonanie punktu komputerowego internet, telefon \u2013 skr\u0119tka UTP\u00a0 kat5 \u2013szt.1<\/span><\/td>\n<td style=\"background: #d3dfee;\" bgcolor=\"#d3dfee\" width=\"137\">\n<p align=\"center\"><span style=\"color: #365f91;\">45z\u0142 -155z\u0142<\/span><\/p>\n<\/td>\n<\/tr>\n<tr valign=\"top\">\n<td width=\"24\"><span style=\"color: #365f91;\"><span style=\"font-family: Times New Roman, serif;\"><b>7.<\/b><\/span><\/span><\/td>\n<td width=\"544\"><span style=\"color: #365f91;\">Wykonanie punktu wideofon , domofon \u2013 skr\u0119tka UTP\u00a0 \u2013 szt.1<\/span><\/td>\n<td width=\"137\">\n<p align=\"center\"><span style=\"color: #365f91;\">45z\u0142 -155z\u0142<\/span><\/p>\n<\/td>\n<\/tr>\n<tr valign=\"top\">\n<td style=\"background: #d3dfee;\" bgcolor=\"#d3dfee\" width=\"24\"><span style=\"color: #365f91;\"><span style=\"font-family: Times New Roman, serif;\"><b>8.<\/b><\/span><\/span><\/td>\n<td style=\"background: #d3dfee;\" bgcolor=\"#d3dfee\" width=\"544\"><span style=\"color: #365f91;\">Wykonanie punktu czujnik alarmu, kontrola dost\u0119pu \u2013 szt.1<\/span><\/td>\n<td style=\"background: #d3dfee;\" bgcolor=\"#d3dfee\" width=\"137\">\n<p align=\"center\"><span style=\"color: #365f91;\">50z\u0142 -120z\u0142<\/span><\/p>\n<\/td>\n<\/tr>\n<tr valign=\"top\">\n<td width=\"24\"><span style=\"color: #365f91;\"><span style=\"font-family: Times New Roman, serif;\"><b>9.<\/b><\/span><\/span><\/td>\n<td width=\"544\"><span style=\"color: #365f91;\">Wykonanie punktu czujnik p.po\u017c.\u2013 szt.1<\/span><\/td>\n<td width=\"137\">\n<p align=\"center\"><span style=\"color: #365f91;\">70z\u0142 \u2013 220z\u0142<\/span><\/p>\n<\/td>\n<\/tr>\n<tr valign=\"top\">\n<td style=\"background: #d3dfee;\" bgcolor=\"#d3dfee\" width=\"24\"><span style=\"color: #365f91;\"><span style=\"font-family: Times New Roman, serif;\"><b>10.<\/b><\/span><\/span><\/td>\n<td style=\"background: #d3dfee;\" bgcolor=\"#d3dfee\" width=\"544\"><span style=\"color: #365f91;\">Wykonanie punktu RTV kablem koncentrycznym 75 Om \u2013szt.1<\/span><\/td>\n<td style=\"background: #d3dfee;\" bgcolor=\"#d3dfee\" width=\"137\">\n<p align=\"center\"><span style=\"color: #365f91;\">65z\u0142 \u2013 120z\u0142<\/span><\/p>\n<\/td>\n<\/tr>\n<tr valign=\"top\">\n<td width=\"24\"><span style=\"color: #365f91;\"><span style=\"font-family: Times New Roman, serif;\"><b>11.<\/b><\/span><\/span><\/td>\n<td width=\"544\"><span style=\"color: #365f91;\">Wykonanie punktu wideo\u00a0 do 15 m.b. \u2013 szt.1<\/span><\/td>\n<td width=\"137\">\n<p align=\"center\"><span style=\"color: #365f91;\">100z\u0142 \u2013 400z\u0142<\/span><\/p>\n<\/td>\n<\/tr>\n<tr valign=\"top\">\n<td style=\"background: #d3dfee;\" bgcolor=\"#d3dfee\" width=\"24\"><span style=\"color: #365f91;\"><span style=\"font-family: Times New Roman, serif;\"><b>12.<\/b><\/span><\/span><\/td>\n<td style=\"background: #d3dfee;\" bgcolor=\"#d3dfee\" width=\"544\"><span style=\"color: #365f91;\">Wykonanie punkt\u00f3w obs\u0142uguj\u0105cych automatycznie zamykane rolety i bramy \u2013 szt.1<\/span><\/td>\n<td style=\"background: #d3dfee;\" bgcolor=\"#d3dfee\" width=\"137\">\n<p align=\"center\"><span style=\"color: #365f91;\">90z\u0142 \u2013 180z\u0142<\/span><\/p>\n<\/td>\n<\/tr>\n<tr valign=\"top\">\n<td width=\"24\"><span style=\"color: #365f91;\"><span style=\"font-family: Times New Roman, serif;\"><b>13.<\/b><\/span><\/span><\/td>\n<td width=\"544\"><span style=\"color: #365f91;\">Wykonanie punktu elektrycznego n\/t w rurze os\u0142onowej fi 22 z PCV \u2013 szt.1<\/span><\/td>\n<td width=\"137\">\n<p align=\"center\"><span style=\"color: #365f91;\">80z\u0142 \u2013 130z\u0142<\/span><\/p>\n<\/td>\n<\/tr>\n<tr valign=\"top\">\n<td style=\"background: #d3dfee;\" bgcolor=\"#d3dfee\" width=\"24\"><span style=\"color: #365f91;\"><span style=\"font-family: Times New Roman, serif;\"><b>14.<\/b><\/span><\/span><\/td>\n<td style=\"background: #d3dfee;\" bgcolor=\"#d3dfee\" width=\"544\"><span style=\"color: #365f91;\">Wykonanie punktu czujki ruchu lub zmierzchowego w\u0142\u0105cznika \u2013 szt.1<\/span><\/td>\n<td style=\"background: #d3dfee;\" bgcolor=\"#d3dfee\" width=\"137\">\n<p align=\"center\"><span style=\"color: #365f91;\">70z\u0142 \u2013 120z\u0142<\/span><\/p>\n<\/td>\n<\/tr>\n<tr valign=\"top\">\n<td width=\"24\"><span style=\"color: #365f91;\"><span style=\"font-family: Times New Roman, serif;\"><b>15.<\/b><\/span><\/span><\/td>\n<td width=\"544\"><span style=\"color: #365f91;\">Wykonanie punktu o\u015bwietlenia 12V na listwie 10 mm2 \u2013szt.1<\/span><\/td>\n<td width=\"137\">\n<p align=\"center\"><span style=\"color: #365f91;\">75z\u0142 \u2013 140z\u0142<\/span><\/p>\n<\/td>\n<\/tr>\n<tr valign=\"top\">\n<td style=\"background: #d3dfee;\" bgcolor=\"#d3dfee\" width=\"24\"><span style=\"color: #365f91;\"><span style=\"font-family: Times New Roman, serif;\"><b>16.<\/b><\/span><\/span><\/td>\n<td style=\"background: #d3dfee;\" bgcolor=\"#d3dfee\" width=\"544\"><span style=\"color: #365f91;\">Wykonanie punktu o\u015bwietlenia 12V przewodem \u2013 szt.1<\/span><\/td>\n<td style=\"background: #d3dfee;\" bgcolor=\"#d3dfee\" width=\"137\">\n<p align=\"center\"><span style=\"color: #365f91;\">45z\u0142 \u2013 60z\u0142<\/span><\/p>\n<\/td>\n<\/tr>\n<\/tbody>\n<\/table>\t\t\t\t\t\t\t\t<\/div>\n\t\t\t\t<\/div>\n\t\t\t\t\t<\/div>\n\t\t<\/div>\n\t\t\t\t\t<\/div>\n\t\t<\/section>\n\t\t\t\t<\/div>\n\t\t","protected":false},"excerpt":{"rendered":"<p>II . WYKONANIE PODSTAWOWYCH INSTALACJI ELEKTRYCZNYCH Z MATERIA\u0141AMI \u2013 BEZ MONTA\u017bU OSPRZ\u0118TU. Us\u0142uga Cena 1. Wykonanie punktu elektrycznego p\/t : gniazdo wtykowe, o\u015bwietlenie, puszka wy\u0142\u0105cznika o\u015bwietlenia \u2013 szt.1 45z\u0142 \u2013 120z\u0142 2. Wykonanie punktu si\u0142owego (tr\u00f3jfazowego) 400V \u2013 szt.1 55z\u0142 \u2013 160z\u0142 3. Wykonanie puszki do rozety rozdzielczej sieci elektrycznej \u2013 szt.1 25z\u0142 \u2013 100z\u0142 &hellip; <\/p>\n<p class=\"link-more\"><a href=\"http:\/\/www.el-drut.com\/index.php\/cennik\/ii-wykonanie-podstawowych-instalacji-elektrycznych-z-materialami-bez-montazu-osprzetu\/\" class=\"more-link\">Czytaj dalej<span class=\"screen-reader-text\"> \u201eII. Wykonanie podstawowych instalacji elektrycznych z materia\u0142ami &#8211; bez monta\u017cu osprz\u0119tu\u201d<\/span><\/a><\/p>\n","protected":false},"author":1,"featured_media":0,"parent":17,"menu_order":0,"comment_status":"closed","ping_status":"closed","template":"","meta":{"footnotes":""},"class_list":["post-70","page","type-page","status-publish","hentry"],"_links":{"self":[{"href":"http:\/\/www.el-drut.com\/index.php\/wp-json\/wp\/v2\/pages\/70","targetHints":{"allow":["GET"]}}],"collection":[{"href":"http:\/\/www.el-drut.com\/index.php\/wp-json\/wp\/v2\/pages"}],"about":[{"href":"http:\/\/www.el-drut.com\/index.php\/wp-json\/wp\/v2\/types\/page"}],"author":[{"embeddable":true,"href":"http:\/\/www.el-drut.com\/index.php\/wp-json\/wp\/v2\/users\/1"}],"replies":[{"embeddable":true,"href":"http:\/\/www.el-drut.com\/index.php\/wp-json\/wp\/v2\/comments?post=70"}],"version-history":[{"count":4,"href":"http:\/\/www.el-drut.com\/index.php\/wp-json\/wp\/v2\/pages\/70\/revisions"}],"predecessor-version":[{"id":353,"href":"http:\/\/www.el-drut.com\/index.php\/wp-json\/wp\/v2\/pages\/70\/revisions\/353"}],"up":[{"embeddable":true,"href":"http:\/\/www.el-drut.com\/index.php\/wp-json\/wp\/v2\/pages\/17"}],"wp:attachment":[{"href":"http:\/\/www.el-drut.com\/index.php\/wp-json\/wp\/v2\/media?parent=70"}],"curies":[{"name":"wp","href":"https:\/\/api.w.org\/{rel}","templated":true}]}}